*w + 2. Let l be (-65)/(-26) - (-9)/18. Give f(l).
-25
Let a(q) = -2*q**3 + 17*q**2 + 5*q - 9. Let y(h) = -h**3 - 8*h**2 + 3*h + 10*h**2 - 5 + 7*h**2. Let c(x) = -3*a(x) + 5*y(x). What is c(6)?
2
Suppose v - o - 66 = 10, 4*o - 128 = -2*v. Suppose 4*s - 4*y - v = 0, -2*y - 54 = -3*s - 6*y. Let g(h) = h + 18 - s. Calculate g(6).
6
Suppose -r + 2 = 7, 0 = 4*i + 4*r + 24. Let a(s) = 18*s**3 + 4*s**2 + 2*s. Let o(t) = -9*t**3 - 2*t**2 - t. Let q(c) = 4*a(c) + 7*o(c). Give q(i).
-8
Let i(p) = p**3 - p**2 - 6*p + 2. Let v(h) = -h**3 + 7*h - 1. Let u(f) = -4*i(f) - 3*v(f). Let q = 49 - 25. Suppose 4*r = -8 + q. Give u(r).
7
Let l(w) = -w - 1. Let m(y) = -y**2 - 9*y - 15. Let a be m(-5). Let j be (a/10)/(2/28). Calculate l(j).
-8
Let j(y) = 22*y + 18. Let p be -25*1 + -6 + 7. Let z be p*(3/2 - 1). Let i(f) = 9*f + 7. Let v(r) = z*i(r) + 5*j(r). What is v(-5)?
-4
Suppose -3*u - 47 = -50. Let j(n) = -n**3 + n**2 - 2*n + 3. Calculate j(u).
1
Suppose 48 = -21*g + 23*g. Suppose 4*y = 7*l - 3*l + g, 2*y - 7 = -3*l. Let a(r) = -r**2 + 6*r. What is a(y)?
5
Let f(q) = 4*q**3 - q**2 - 8*q + 2. Let i(g) = 5*g**3 - 8*g + 1. Let z(o) = 4*f(o) - 3*i(o). Let n be (2/(-3))/((-4)/30). What is z(n)?
-10
Let g(l) = l**2 + 8*l + 4. Let i be (-32)/6 - 3/(-9). Let v be (76/(-95))/(2/i). Let w be (v/(-1) - 1)/1. Give g(w).
-11
Let x(j) = j**3 - 2*j**2 + j. Let u be x(2). Let w(d) = 0*d**u - 2*d - d + 3 + d**2. Suppose 4*h + 3*g - 26 = 0, -g + 19 = 5*h - 8. What is w(h)?
13
Let c(j) = -j**2 + 5*j + 4. Let o be (3 - 0) + (-15 - -12). Suppose 0 = -2*i - h + 16, i + 2*h - 8 - 6 = o. What is c(i)?
-2
Let n(u) = 6*u - 17. Let j(w) = 8*w - 18. Let i(k) = -2*j(k) + 3*n(k). Calculate i(5).
-5
Suppose -d + 0 = -8. Let a(k) be the third derivative of -k**4/24 + 3*k**3/2 - 157*k**2. Determine a(d).
1
Let h(c) be the first derivative of -c**5/30 - c**4/12 + 5*c**3/3 + 8*c - 44. Let m(p) be the third derivative of h(p). What is m(-3)?
10
Suppose 5*d = -11*d + d. Let n(p) be the first derivative of -7 + d*p**3 + 3/2*p**4 + p + 1/2*p**2. Calculate n(-1).
-6
Let s = -24 - -26. Let r(a) = -s + 7 + 0 + 2*a - 6. Calculate r(4).
7
Let x(b) = b - 3. Suppose -203 = 8*a - 243. Give x(a).
2
Let o(j) = j**3 - 4*j**2 - 5*j + 1. Let i be 7/(-2)*136/(-14). Suppose i = 5*l - 26. Suppose -k = -5*q - 2 + 7, -q = 2*k - l. Determine o(k).
1
Suppose -13 = p - 5*w, -4*w + 91 = -3*p + 63. Let l(b) = -b**3 - 2*b**2 - 4 + 6 + b - 6*b**2. Calculate l(p).
-6
Suppose 0 = -2*h + x + 4, 5*h - 6 = -2*x + 4. Suppose -h*k = 9 + 3. Let w(j) = 3*j + 1. Let f(g) = g. Let u(p) = -15*f(p) + 6*w(p). Calculate u(k).
-12
Let f(u) be the first derivative of u**3/3 - 3*u**2 + 7*u + 104. Calculate f(6).
7
Let c = -194 + 200. Let z(w) be the first derivative of -2/3*w**3 - c*w - 7/2*w**2 + 3. Determine z(-4).
-10
Suppose 0 = -5*h - 2*s + 59, 7*s - 30 = -3*h + 4*s. Let r = h - 12. Let p = r + 0. Let x(t) = -4*t + 1. Give x(p).
-3
Let s(z) = -z**3 - 14*z**2 - 11*z + 36. Let l be s(-13). Let m(q) = q - 5. Calculate m(l).
5
Let o(a) = 61*a**2 - 45*a**2 - 15*a**2. Give o(-2).
4
Suppose -3*u = -4*z + 2, -2*u = -2*z - 0*z + 2. Let i(x) = -48*x**3 - x**2 + 1. Determine i(z).
48
Let l(b) = 5*b - 14. Let j be (-11 - (-6 - 0))*-1. What is l(j)?
11
Let r(p) = -14*p + 1 + 4*p + 16*p. What is r(-1)?
-5
Let b(m) = 7 - 4 - 2*m + m. Let h(o) = -4*o**2 - 5*o + 222. Let a be h(-8). Give b(a).
-3
Let i(q) = 4*q**3 + q**2 + 6*q + 6. Let w = 8 - 14. Let g(n) = 96 - 89 + 2*n**2 + 6*n + 8*n**3 - 3*n**3. Let k(a) = w*i(a) + 5*g(a). Calculate k(-5).
4
Let j = -1 - 3. Let b(z) be the second derivative of -z**4/12 - z**3/6 + z**2/2 + 1147*z. Determine b(j).
-11
Let m(c) = 24 - 3*c**3 + c - 23 + 0*c**3. Let l be (-2 - 2)/(-2) + -3. What is m(l)?
3
Suppose 6*u = 598 - 634. Let o(j) = -j**2 - 4*j + 2. Determine o(u).
-10
Let l(o) = 2*o**2 + o. Let c(y) = -y - 13. Let r be c(-11). Let g be (4/12)/(r/(-12)). Suppose 0*k + 2*k - 1 = -z, g*k + 1 = -3*z. Give l(z).
1
Let x = -71 + 75. Suppose x*k = -2*d - 10, 7*d + 2 = 5*d. Let b(l) = 5*l**2 - 2. Determine b(k).
18
Let m(c) be the third derivative of 0*c**3 + 12*c**2 - 1/24*c**4 + 0 + 0*c. What is m(-8)?
8
Let f(j) be the first derivative of j**3/3 - 13*j**2/2 + 16*j - 54. Give f(12).
4
Let o be ((-25)/(-200))/((-1)/(-4)). Let l(u) be the first derivative of o*u**2 + 0*u**3 + 0*u - 2 - 3/4*u**4. Give l(-1).
2
Let g(u) be the second derivative of -u**5/20 - 5*u**4/12 - 5*u**3/6 - 3*u**2/2 - 19*u. Let t be g(-3). Let w(a) = a**3 + 6*a**2 + a + 3. What is w(t)?
-3
Let c(r) = 2*r - 21*r**2 + 6 + 3 - 7 + 16*r**2. Let q = 1 - -1. Calculate c(q).
-14
Let f(u) = 32*u**2 + 12*u - 46*u**2 + 7*u**2 - 14 + 8*u**2. What is f(-13)?
-1
Let u(a) = 7*a + 12. Let c(l) = -184*l + 179. Let q be c(1). Determine u(q).
-23
Let k(i) be the second derivative of -i**5/20 - 3*i**4/4 + i**3/3 + 6*i**2 - 3*i - 131. Calculate k(-9).
-6
Let u(a) be the third derivative of -a**4/12 - 4*a**3/3 + 62*a**2. What is u(-7)?
6
Let k(x) = x**3 + x + 1. Let y(o) = -2*o**3 - o**2 + o + 3. Let c(f) = -2*k(f) + y(f). Let t be c(1). Let v(j) = -j**2 - 7*j - 3. What is v(t)?
7
Suppose f + 15 = -2*m, 0 = -2*f + 4*m - 2*m - 6. Let u = 4 + f. Let t(g) = -4*g - 16. Let n(z) = -5*z - 19. Let i(w) = -5*n(w) + 6*t(w). What is i(u)?
-4
Let m(f) = -2*f**2 + 20*f - 37. Suppose -4*o + 36 = -5*b + 9*b, -1 = -b + 3*o. What is m(b)?
5
Suppose -29*h + 24*h = -20. Let s(r) = -4*r + 7. What is s(h)?
-9
Let d(y) = y**3 - 4*y**2 - 6*y + 4. Let q = 58 - 47. Let l be (-31)/(-6) - q/66. Determine d(l).
-1
Let t(s) = s + 18. Let n be t(-15). Suppose b + 3 = 0, r - n*r = -2*b - 2. Let u(a) = -3*a. Give u(r).
6
Let d be (2/3)/(12/378). Suppose d = -2*k + 13. Let c(w) = w**2 + w - 2. Determine c(k).
10
Let i(p) = 3*p + 26. Let s be i(-8). Let a(h) = h + 2*h - 6*h**s - 1 + 4*h**2. Suppose -2*l + 3 = -1. Calculate a(l).
-3
Let t(l) be the third derivative of l**6/120 - l**5/10 - 5*l**3/6 - 240*l**2. What is t(6)?
-5
Let u(n) be the first derivative of 2*n**2 + 3*n + 281. What is u(-4)?
-13
Let n(u) = -1 + 2*u**3 + 13*u**2 - u**3 + 5 - 5*u**2. Let o be n(-8). Let j(k) = 5*k - 6. What is j(o)?
14
Let c(a) = a**2 - a + 1. Let j(p) = -2*p**2 - 3*p - 4. Suppose -3*m + 1 = 4*b - 2, 0 = -b + 2*m - 13. Let k(g) = b*c(g) - j(g). Calculate k(6).
1
Let h be 2/(-6) - 16/(-3). Let v = 0 - h. Let l(m) = 7*m + 3*m - 12*m - 6. Give l(v).
4
Let o(q) be the second derivative of -9/2*q**2 - 1/12*q**4 - 2*q + 3/2*q**3 + 0. Let z be (91/(-13))/(0/1 - 1). Determine o(z).
5
Let z(k) = 19*k**2 + 2*k + 0*k - 20*k**2 + 7. Let i be z(5). Let v = -8 - i. Let c(l) = -l**2 + l + 2. Give c(v).
2
Suppose 4*v - 1 + 1 = 0. Suppose 0 = 3*s - 5*i + 38 - 0, v = -s + 3*i - 18. Let m(c) = c - 1. Determine m(s).
-7
Let a(y) = 11*y. Let b(v) = -30*v + 7. Let j(i) = -3*a(i) - b(i). Give j(-11).
26
Let t(d) be the second derivative of -d**4/12 - 3*d**3/2 + 5*d**2/2 + 19*d. Determine t(-9).
5
Let u(c) be the first derivative of -c**4/4 + 4*c**3/3 + 3*c**2 - 5*c - 81. What is u(5)?
0
Let r = 30 - 16. Let u = r - 10. Let p(k) = -1 - k**3 + 3*k + 2*k**2 - u*k**2 + 0 + 4. Determine p(-2).
-3
Let m(g) = g**3 + 7*g**2 + 8*g + 9. Let r be ((-6)/4)/(1/(-12)). Let j(b) = b**2 - 21*b - 46. Let w be j(23). Suppose w = -3*t + 6*t + r. Calculate m(t).
-3
Suppose 0 = 5*i - 10, -2*i + 108 = 5*s - 3*i. Let w(g) = -s*g - 10 + g**3 + 29*g + 13*g**2 - 5*g**2. Give w(-7).
-10
Let d(n) = 2 + n - 3*n - 18 - 7. Let f be d(-10). Let z(m) = -2*m**2 - m - 4. Calculate z(f).
-19
Suppose 0 = 3*n - 6, n - 81 + 83 = 2*m. Let i(y) = y**3 - 4*y**2 + y. What is i(m)?
-6
Let a(j) be the third derivative of j**5/60 + j**4/4 + 5*j**3/3 - 3*j**2. Let v(q) be the first derivative of a(q). Calculate v(-6).
-6
Let u(x) = 4*x + 4. Let d(b) = 5*b + 5. Let m(a) = 5*d(a) - 6*u(a). Suppose 16 = -4*f, 65*f - 67*f = 3*r + 17. Calculate m(r).
-2
Suppose 12 = 3*k + a, -11*k + 13*k - 3*a - 19 = 0. Let w(y) be the first derivative of -6*y + k + 1/2*y**2. What is w(0)?
-6
Let b(o) be the second derivative of -o**3/3 + 4*o**2 - 53*o. What is b(-7)?
22
Let t(b) be the third derivative of b**6/120 - b**5/10 + b**4/12 - b**3/2 + 40*b**2. What is t(5)?
-18
Let y(v) be the third derivative of -v**5/120 + v**4/4 - 7*v**3 - 47*v**2. Let j(r) be the first derivative of y(r). Calculate j(8